{"id":2671,"date":"2024-09-15T22:26:55","date_gmt":"2024-09-15T21:26:55","guid":{"rendered":"https:\/\/180dc.cz\/domains\/180dc.cz\/?page_id=2671"},"modified":"2026-02-03T20:46:10","modified_gmt":"2026-02-03T19:46:10","slug":"pridej-se-k-nam","status":"publish","type":"page","link":"https:\/\/180dc.cz\/domains\/180dc.cz\/home-3\/pridej-se-k-nam\/","title":{"rendered":"P\u0159idej se k n\u00e1m!"},"content":{"rendered":"<p><div class=\"fusion-fullwidth fullwidth-box fusion-builder-row-1 fusion-flex-container video-background has-pattern-background has-mask-background nonhundred-percent-fullwidth non-hundred-percent-height-scrolling\" style=\"--awb-border-radius-top-left:0px;--awb-border-radius-top-right:0px;--awb-border-radius-bottom-right:0px;--awb-border-radius-bottom-left:0px;--awb-padding-top:202px;--awb-padding-bottom:34px;--awb-margin-bottom:0px;--awb-flex-wrap:wrap;\" ><div class=\"fullwidth-video\"><video preload=\"auto\" autoplay playsinline loop muted><source src=\"https:\/\/180dc.cz\/domains\/180dc.cz\/wp-content\/uploads\/2024\/09\/IMG_1740.mov\" type=\"video\/mp4\"><\/video><\/div><div class=\"fusion-builder-row fusion-row fusion-flex-align-items-flex-start fusion-flex-content-wrap\" style=\"max-width:1248px;margin-left: calc(-4% \/ 2 );margin-right: calc(-4% \/ 2 );\"><div class=\"fusion-layout-column fusion_builder_column fusion-builder-column-0 fusion_builder_column_1_1 1_1 fusion-flex-column\" style=\"--awb-bg-size:cover;--awb-width-large:100%;--awb-margin-top-large:0px;--awb-spacing-right-large:1.92%;--awb-margin-bottom-large:20px;--awb-spacing-left-large:1.92%;--awb-width-medium:100%;--awb-order-medium:0;--awb-spacing-right-medium:1.92%;--awb-spacing-left-medium:1.92%;--awb-width-small:100%;--awb-order-small:0;--awb-spacing-right-small:1.92%;--awb-spacing-left-small:1.92%;\"><div class=\"fusion-column-wrapper fusion-column-has-shadow fusion-flex-justify-content-flex-start fusion-content-layout-column\"><div style=\"text-align:center;\"><a class=\"fusion-button button-flat fusion-button-default-size button-custom fusion-button-default button-1 fusion-button-default-span btn-cta\" style=\"--button_bevel_color:var(--awb-color4);--button_bevel_color_hover:var(--awb-color4);--button_accent_color:var(--awb-color1);--button_accent_hover_color:var(--awb-color1);--button_border_hover_color:var(--awb-color1);--button_border_width-top:0px;--button_border_width-right:0px;--button_border_width-bottom:0px;--button_border_width-left:0px;--button_gradient_top_color:#80dc54;--button_gradient_bottom_color:#80dc54;--button_gradient_top_color_hover:hsla(var(--awb-color5-h),var(--awb-color5-s),calc(var(--awb-color5-l) - 10%),var(--awb-color5-a));--button_gradient_bottom_color_hover:hsla(var(--awb-color5-h),var(--awb-color5-s),calc(var(--awb-color5-l) - 10%),var(--awb-color5-a));--button_padding-top:18px;--button_padding-right:40px;--button_padding-bottom:18px;--button_padding-left:40px;--button_margin-top:25px;--button_margin-bottom:50px;\" target=\"_self\" data-hover=\"text_slide_up\" href=\"https:\/\/forms.gle\/TBnbfxnsxon2k7G86\"><div class=\"awb-button-text-transition\"><span class=\"fusion-button-text\">Podat p\u0159ihl\u00e1\u0161ku<\/span><span class=\"fusion-button-text\">Podat p\u0159ihl\u00e1\u0161ku<\/span><\/div><\/a><\/div><\/div><\/div><\/div><\/div><div class=\"fusion-fullwidth fullwidth-box fusion-builder-row-2 fusion-flex-container has-pattern-background has-mask-background nonhundred-percent-fullwidth non-hundred-percent-height-scrolling\" style=\"--awb-border-radius-top-left:0px;--awb-border-radius-top-right:0px;--awb-border-radius-bottom-right:0px;--awb-border-radius-bottom-left:0px;--awb-padding-top:40px;--awb-flex-wrap:wrap;\" ><div class=\"fusion-builder-row fusion-row fusion-flex-align-items-flex-start fusion-flex-content-wrap\" style=\"max-width:1248px;margin-left: calc(-4% \/ 2 );margin-right: calc(-4% \/ 2 );\"><div class=\"fusion-layout-column fusion_builder_column fusion-builder-column-1 fusion_builder_column_1_1 1_1 fusion-flex-column\" style=\"--awb-bg-size:cover;--awb-width-large:100%;--awb-margin-top-large:0px;--awb-spacing-right-large:1.92%;--awb-margin-bottom-large:20px;--awb-spacing-left-large:1.92%;--awb-width-medium:100%;--awb-order-medium:0;--awb-spacing-right-medium:1.92%;--awb-spacing-left-medium:1.92%;--awb-width-small:100%;--awb-order-small:0;--awb-spacing-right-small:1.92%;--awb-spacing-left-small:1.92%;\"><div class=\"fusion-column-wrapper fusion-column-has-shadow fusion-flex-justify-content-flex-start fusion-content-layout-column\"><div class=\"fusion-text fusion-text-1\" style=\"--awb-content-alignment:center;\"><h2 class=\"fusion-responsive-typography-calculated\" style=\"text-align: center; --fontsize: 42; line-height: 1.2;\" data-fontsize=\"42\" data-lineheight=\"50.4px\">P\u0159idej se k t\u00fdmu <strong><span style=\"color: #79a637;\">180DC Prague<\/span><\/strong>!<\/h2>\n<p style=\"text-align: center;\">P\u0159ihl\u00e1\u0161ky pro LS 2025\/26 jsou nyn\u00ed <strong>otev\u0159eny!<\/strong><\/p>\n<p style=\"text-align: center;\">P\u0159ihla\u0161ov\u00e1n\u00ed zav\u00edr\u00e1me 15.2. ve 23:59 CEST.<\/p>\n<p style=\"text-align: center;\">T\u011b\u0161\u00edme se na v\u00e1s! \ud83d\udc9a<\/p>\n<\/div><\/div><\/div><\/div><\/div><div class=\"fusion-fullwidth fullwidth-box fusion-builder-row-3 fusion-flex-container has-pattern-background has-mask-background partners nonhundred-percent-fullwidth non-hundred-percent-height-scrolling\" style=\"--awb-border-radius-top-left:0px;--awb-border-radius-top-right:0px;--awb-border-radius-bottom-right:0px;--awb-border-radius-bottom-left:0px;--awb-padding-bottom:0px;--awb-margin-top:88px;--awb-margin-bottom:0px;--awb-flex-wrap:wrap;\" ><div class=\"fusion-builder-row fusion-row fusion-flex-align-items-center fusion-flex-content-wrap\" style=\"max-width:1248px;margin-left: calc(-4% \/ 2 );margin-right: calc(-4% \/ 2 );\"><div class=\"fusion-layout-column fusion_builder_column fusion-builder-column-2 fusion_builder_column_1_4 1_4 fusion-flex-column fusion-flex-align-self-flex-end\" style=\"--awb-bg-size:cover;--awb-width-large:25%;--awb-margin-top-large:0px;--awb-spacing-right-large:3.84%;--awb-margin-bottom-large:32px;--awb-spacing-left-large:11.52%;--awb-width-medium:25%;--awb-order-medium:0;--awb-spacing-right-medium:3.84%;--awb-spacing-left-medium:11.52%;--awb-width-small:100%;--awb-order-small:0;--awb-spacing-right-small:1.92%;--awb-spacing-left-small:1.92%;\"><div class=\"fusion-column-wrapper fusion-column-has-shadow fusion-flex-justify-content-center fusion-content-layout-row fusion-flex-align-items-flex-end\"><div class=\"fusion-image-element \" style=\"--awb-caption-title-font-family:var(--h2_typography-font-family);--awb-caption-title-font-weight:var(--h2_typography-font-weight);--awb-caption-title-font-style:var(--h2_typography-font-style);--awb-caption-title-size:var(--h2_typography-font-size);--awb-caption-title-transform:var(--h2_typography-text-transform);--awb-caption-title-line-height:var(--h2_typography-line-height);--awb-caption-title-letter-spacing:var(--h2_typography-letter-spacing);\"><span class=\" fusion-imageframe imageframe-none imageframe-1 hover-type-none\"><a class=\"fusion-no-lightbox\" href=\"https:\/\/www.accenture.com\/cz-en\" target=\"_blank\" aria-label=\"Accenture.svg\" rel=\"noopener noreferrer\"><img decoding=\"async\" width=\"2560\" height=\"675\" src=\"https:\/\/180dc.cz\/domains\/180dc.cz\/wp-content\/uploads\/2023\/09\/Accenture.svg.png\" data-orig-src=\"https:\/\/180dc.cz\/domains\/180dc.cz\/wp-content\/uploads\/2023\/09\/Accenture.svg.png\" alt class=\"lazyload img-responsive wp-image-2247\" srcset=\"data:image\/svg+xml,%3Csvg%20xmlns%3D%27http%3A%2F%2Fwww.w3.org%2F2000%2Fsvg%27%20width%3D%272560%27%20height%3D%27675%27%20viewBox%3D%270%200%202560%20675%27%3E%3Crect%20width%3D%272560%27%20height%3D%27675%27%20fill-opacity%3D%220%22%2F%3E%3C%2Fsvg%3E\" data-srcset=\"https:\/\/180dc.cz\/domains\/180dc.cz\/wp-content\/uploads\/2023\/09\/Accenture.svg-200x53.png 200w, https:\/\/180dc.cz\/domains\/180dc.cz\/wp-content\/uploads\/2023\/09\/Accenture.svg-400x105.png 400w, https:\/\/180dc.cz\/domains\/180dc.cz\/wp-content\/uploads\/2023\/09\/Accenture.svg-600x158.png 600w, https:\/\/180dc.cz\/domains\/180dc.cz\/wp-content\/uploads\/2023\/09\/Accenture.svg-800x211.png 800w, https:\/\/180dc.cz\/domains\/180dc.cz\/wp-content\/uploads\/2023\/09\/Accenture.svg-1200x316.png 1200w, https:\/\/180dc.cz\/domains\/180dc.cz\/wp-content\/uploads\/2023\/09\/Accenture.svg.png 2560w\" data-sizes=\"auto\" data-orig-sizes=\"(max-width: 700px) 100vw, 400px\" \/><\/a><\/span><\/div><\/div><\/div><div class=\"fusion-layout-column fusion_builder_column fusion-builder-column-3 fusion_builder_column_1_4 1_4 fusion-flex-column fusion-flex-align-self-flex-end\" style=\"--awb-bg-size:cover;--awb-width-large:25%;--awb-margin-top-large:0px;--awb-spacing-right-large:16.896%;--awb-margin-bottom-large:30px;--awb-spacing-left-large:16.896%;--awb-width-medium:25%;--awb-order-medium:0;--awb-spacing-right-medium:16.896%;--awb-spacing-left-medium:16.896%;--awb-width-small:100%;--awb-order-small:0;--awb-spacing-right-small:1.92%;--awb-spacing-left-small:1.92%;\"><div class=\"fusion-column-wrapper fusion-column-has-shadow fusion-flex-justify-content-center fusion-content-layout-row\"><div class=\"fusion-image-element \" style=\"--awb-caption-title-font-family:var(--h2_typography-font-family);--awb-caption-title-font-weight:var(--h2_typography-font-weight);--awb-caption-title-font-style:var(--h2_typography-font-style);--awb-caption-title-size:var(--h2_typography-font-size);--awb-caption-title-transform:var(--h2_typography-text-transform);--awb-caption-title-line-height:var(--h2_typography-line-height);--awb-caption-title-letter-spacing:var(--h2_typography-letter-spacing);\"><span class=\" fusion-imageframe imageframe-none imageframe-2 hover-type-none\"><a class=\"fusion-no-lightbox\" href=\"https:\/\/www.bcg.com\/czech-republic\" target=\"_blank\" aria-label=\"BCG_MONOGRAM\" rel=\"noopener noreferrer\"><img decoding=\"async\" width=\"801\" height=\"321\" src=\"https:\/\/180dc.cz\/domains\/180dc.cz\/wp-content\/uploads\/2025\/02\/BCG_MONOGRAM-1.png\" data-orig-src=\"https:\/\/180dc.cz\/domains\/180dc.cz\/wp-content\/uploads\/2025\/02\/BCG_MONOGRAM-1.png\" alt class=\"lazyload img-responsive wp-image-2938\" srcset=\"data:image\/svg+xml,%3Csvg%20xmlns%3D%27http%3A%2F%2Fwww.w3.org%2F2000%2Fsvg%27%20width%3D%27801%27%20height%3D%27321%27%20viewBox%3D%270%200%20801%20321%27%3E%3Crect%20width%3D%27801%27%20height%3D%27321%27%20fill-opacity%3D%220%22%2F%3E%3C%2Fsvg%3E\" data-srcset=\"https:\/\/180dc.cz\/domains\/180dc.cz\/wp-content\/uploads\/2025\/02\/BCG_MONOGRAM-1-200x80.png 200w, https:\/\/180dc.cz\/domains\/180dc.cz\/wp-content\/uploads\/2025\/02\/BCG_MONOGRAM-1-400x160.png 400w, https:\/\/180dc.cz\/domains\/180dc.cz\/wp-content\/uploads\/2025\/02\/BCG_MONOGRAM-1-600x240.png 600w, https:\/\/180dc.cz\/domains\/180dc.cz\/wp-content\/uploads\/2025\/02\/BCG_MONOGRAM-1.png 801w\" data-sizes=\"auto\" data-orig-sizes=\"(max-width: 700px) 100vw, 400px\" \/><\/a><\/span><\/div><\/div><\/div><div class=\"fusion-layout-column fusion_builder_column fusion-builder-column-4 fusion_builder_column_1_4 1_4 fusion-flex-column fusion-flex-align-self-flex-end\" style=\"--awb-bg-size:cover;--awb-width-large:25%;--awb-margin-top-large:0px;--awb-spacing-right-large:0%;--awb-margin-bottom-large:0px;--awb-spacing-left-large:0%;--awb-width-medium:25%;--awb-order-medium:0;--awb-spacing-right-medium:0%;--awb-spacing-left-medium:0%;--awb-width-small:100%;--awb-order-small:0;--awb-spacing-right-small:1.92%;--awb-spacing-left-small:1.92%;\"><div class=\"fusion-column-wrapper fusion-column-has-shadow fusion-flex-justify-content-center fusion-content-layout-row fusion-flex-align-items-stretch\"><div class=\"fusion-image-element \" style=\"--awb-caption-title-font-family:var(--h2_typography-font-family);--awb-caption-title-font-weight:var(--h2_typography-font-weight);--awb-caption-title-font-style:var(--h2_typography-font-style);--awb-caption-title-size:var(--h2_typography-font-size);--awb-caption-title-transform:var(--h2_typography-text-transform);--awb-caption-title-line-height:var(--h2_typography-line-height);--awb-caption-title-letter-spacing:var(--h2_typography-letter-spacing);\"><span class=\" fusion-imageframe imageframe-none imageframe-3 hover-type-none\"><a class=\"fusion-no-lightbox\" href=\"https:\/\/www.deepview.cz\/\" target=\"_blank\" aria-label=\"Deepview\" rel=\"noopener noreferrer\"><img decoding=\"async\" width=\"1402\" height=\"495\" src=\"https:\/\/180dc.cz\/domains\/180dc.cz\/wp-content\/uploads\/2024\/09\/Deepview.png\" data-orig-src=\"https:\/\/180dc.cz\/domains\/180dc.cz\/wp-content\/uploads\/2024\/09\/Deepview.png\" alt class=\"lazyload img-responsive wp-image-2855\" srcset=\"data:image\/svg+xml,%3Csvg%20xmlns%3D%27http%3A%2F%2Fwww.w3.org%2F2000%2Fsvg%27%20width%3D%271402%27%20height%3D%27495%27%20viewBox%3D%270%200%201402%20495%27%3E%3Crect%20width%3D%271402%27%20height%3D%27495%27%20fill-opacity%3D%220%22%2F%3E%3C%2Fsvg%3E\" data-srcset=\"https:\/\/180dc.cz\/domains\/180dc.cz\/wp-content\/uploads\/2024\/09\/Deepview-200x71.png 200w, https:\/\/180dc.cz\/domains\/180dc.cz\/wp-content\/uploads\/2024\/09\/Deepview-400x141.png 400w, https:\/\/180dc.cz\/domains\/180dc.cz\/wp-content\/uploads\/2024\/09\/Deepview-600x212.png 600w, https:\/\/180dc.cz\/domains\/180dc.cz\/wp-content\/uploads\/2024\/09\/Deepview-800x282.png 800w, https:\/\/180dc.cz\/domains\/180dc.cz\/wp-content\/uploads\/2024\/09\/Deepview-1200x424.png 1200w, https:\/\/180dc.cz\/domains\/180dc.cz\/wp-content\/uploads\/2024\/09\/Deepview.png 1402w\" data-sizes=\"auto\" data-orig-sizes=\"(max-width: 700px) 100vw, 400px\" \/><\/a><\/span><\/div><\/div><\/div><div class=\"fusion-layout-column fusion_builder_column fusion-builder-column-5 fusion_builder_column_1_4 1_4 fusion-flex-column fusion-flex-align-self-flex-end\" style=\"--awb-bg-size:cover;--awb-width-large:25%;--awb-margin-top-large:0px;--awb-spacing-right-large:17.28%;--awb-margin-bottom-large:29px;--awb-spacing-left-large:11.52%;--awb-width-medium:25%;--awb-order-medium:0;--awb-spacing-right-medium:17.28%;--awb-spacing-left-medium:11.52%;--awb-width-small:100%;--awb-order-small:0;--awb-spacing-right-small:1.92%;--awb-spacing-left-small:1.92%;\"><div class=\"fusion-column-wrapper fusion-column-has-shadow fusion-flex-justify-content-center fusion-content-layout-row\"><div class=\"fusion-image-element \" style=\"--awb-caption-title-font-family:var(--h2_typography-font-family);--awb-caption-title-font-weight:var(--h2_typography-font-weight);--awb-caption-title-font-style:var(--h2_typography-font-style);--awb-caption-title-size:var(--h2_typography-font-size);--awb-caption-title-transform:var(--h2_typography-text-transform);--awb-caption-title-line-height:var(--h2_typography-line-height);--awb-caption-title-letter-spacing:var(--h2_typography-letter-spacing);\"><span class=\" fusion-imageframe imageframe-none imageframe-4 hover-type-none\"><a class=\"fusion-no-lightbox\" href=\"https:\/\/www.ey.com\/cs_cz\" target=\"_blank\" aria-label=\"EY_Logo_Beam_Tag_Horizontal_RGB_EN\" rel=\"noopener noreferrer\"><img decoding=\"async\" width=\"2560\" height=\"1222\" src=\"https:\/\/180dc.cz\/domains\/180dc.cz\/wp-content\/uploads\/2022\/10\/EY_Logo_Beam_Tag_Horizontal_RGB_EN-scaled.jpg\" data-orig-src=\"https:\/\/180dc.cz\/domains\/180dc.cz\/wp-content\/uploads\/2022\/10\/EY_Logo_Beam_Tag_Horizontal_RGB_EN-scaled.jpg\" alt class=\"lazyload img-responsive wp-image-1655\" srcset=\"data:image\/svg+xml,%3Csvg%20xmlns%3D%27http%3A%2F%2Fwww.w3.org%2F2000%2Fsvg%27%20width%3D%272560%27%20height%3D%271222%27%20viewBox%3D%270%200%202560%201222%27%3E%3Crect%20width%3D%272560%27%20height%3D%271222%27%20fill-opacity%3D%220%22%2F%3E%3C%2Fsvg%3E\" data-srcset=\"https:\/\/180dc.cz\/domains\/180dc.cz\/wp-content\/uploads\/2022\/10\/EY_Logo_Beam_Tag_Horizontal_RGB_EN-200x95.jpg 200w, https:\/\/180dc.cz\/domains\/180dc.cz\/wp-content\/uploads\/2022\/10\/EY_Logo_Beam_Tag_Horizontal_RGB_EN-400x191.jpg 400w, https:\/\/180dc.cz\/domains\/180dc.cz\/wp-content\/uploads\/2022\/10\/EY_Logo_Beam_Tag_Horizontal_RGB_EN-600x286.jpg 600w, https:\/\/180dc.cz\/domains\/180dc.cz\/wp-content\/uploads\/2022\/10\/EY_Logo_Beam_Tag_Horizontal_RGB_EN-800x382.jpg 800w, https:\/\/180dc.cz\/domains\/180dc.cz\/wp-content\/uploads\/2022\/10\/EY_Logo_Beam_Tag_Horizontal_RGB_EN-1200x573.jpg 1200w, https:\/\/180dc.cz\/domains\/180dc.cz\/wp-content\/uploads\/2022\/10\/EY_Logo_Beam_Tag_Horizontal_RGB_EN-scaled.jpg 2560w\" data-sizes=\"auto\" data-orig-sizes=\"(max-width: 700px) 100vw, 400px\" \/><\/a><\/span><\/div><\/div><\/div><\/div><\/div><\/p>\n","protected":false},"excerpt":{"rendered":"","protected":false},"author":1,"featured_media":0,"parent":2196,"menu_order":0,"comment_status":"closed","ping_status":"closed","template":"100-width.php","meta":{"footnotes":""},"_links":{"self":[{"href":"https:\/\/180dc.cz\/domains\/180dc.cz\/wp-json\/wp\/v2\/pages\/2671"}],"collection":[{"href":"https:\/\/180dc.cz\/domains\/180dc.cz\/wp-json\/wp\/v2\/pages"}],"about":[{"href":"https:\/\/180dc.cz\/domains\/180dc.cz\/wp-json\/wp\/v2\/types\/page"}],"author":[{"embeddable":true,"href":"https:\/\/180dc.cz\/domains\/180dc.cz\/wp-json\/wp\/v2\/users\/1"}],"replies":[{"embeddable":true,"href":"https:\/\/180dc.cz\/domains\/180dc.cz\/wp-json\/wp\/v2\/comments?post=2671"}],"version-history":[{"count":33,"href":"https:\/\/180dc.cz\/domains\/180dc.cz\/wp-json\/wp\/v2\/pages\/2671\/revisions"}],"predecessor-version":[{"id":2966,"href":"https:\/\/180dc.cz\/domains\/180dc.cz\/wp-json\/wp\/v2\/pages\/2671\/revisions\/2966"}],"up":[{"embeddable":true,"href":"https:\/\/180dc.cz\/domains\/180dc.cz\/wp-json\/wp\/v2\/pages\/2196"}],"wp:attachment":[{"href":"https:\/\/180dc.cz\/domains\/180dc.cz\/wp-json\/wp\/v2\/media?parent=2671"}],"curies":[{"name":"wp","href":"https:\/\/api.w.org\/{rel}","templated":true}]}}